 prime number?
True
Is 218046919 prime?
False
Is 2151879649 composite?
False
Is 6198498671 a composite number?
True
Is 149716943489 composite?
True
Is 93205523 a composite number?
True
Is 351546993601 a prime number?
False
Is 2272896037 composite?
True
Is 2803189441 composite?
True
Is 89459362751 composite?
True
Is 29348148062 prime?
False
Is 2382894617 prime?
False
Is 43873343183 composite?
False
Is 5580947689 prime?
False
Is 3520637621 a prime number?
True
Is 5030911853 composite?
True
Is 39735814051 prime?
True
Is 113166211 a composite number?
True
Is 434970079 composite?
True
Is 17712177326 a composite number?
True
Is 69511175387 a prime number?
True
Is 773842759 a composite number?
False
Is 960746849 a composite number?
False
Is 1725678957 a composite number?
True
Is 5768611381 prime?
False
Is 91539119141 a prime number?
False
Is 50450136857 composite?
True
Is 1991562061 composite?
False
Is 553342373 a prime number?
True
Is 214992079 composite?
True
Is 758391191 a prime number?
True
Is 24818377291 a prime number?
True
Is 1089647021 a composite number?
False
Is 7949810959 a composite number?
False
Is 22703381171 prime?
True
Is 2465003123 a prime number?
False
Is 2537047 prime?
True
Is 13001654353 a prime number?
True
Is 15872124727 a composite number?
True
Is 4187287361 a composite number?
False
Is 8929356971 a prime number?
True
Is 31356906829 a prime number?
True
Is 6360976957 composite?
True
Is 1242281671 a prime number?
False
Is 1444491535 composite?
True
Is 13631857 a composite number?
False
Is 30235068109 a composite number?
False
Is 224978381 a composite number?
False
Is 33784886 prime?
False
Is 722686753 composite?
False
Is 1172749661 a composite number?
True
Is 624289093 a composite number?
True
Is 6754505603 prime?
False
Is 2615274199 composite?
False
Is 1021619647 a prime number?
True
Is 40001666839 composite?
True
Is 553931473 prime?
True
Is 2042819833 a prime number?
False
Is 36288116201 composite?
True
Is 806322787 a prime number?
True
Is 18192904931 composite?
True
Is 3994343751 a prime number?
False
Is 1674699014 composite?
True
Is 2079191 prime?
True
Is 6982369211 composite?
False
Is 2735241191 a composite number?
False
Is 33257128263 composite?
True
Is 55660870477 composite?
True
Is 782858101 composite?
True
Is 615782161 a composite number?
False
Is 1128479357 a prime number?
True
Is 38042704871 composite?
False
Is 2129362423 a composite number?
False
Is 243042551035 prime?
False
Is 77231491177 a composite number?
True
Is 1143718417 prime?
True
Is 118853407 a composite number?
False
Is 1851213343 prime?
False
Is 3877908479 composite?
True
Is 7249781285 composite?
True
Is 400638169 a prime number?
True
Is 2293570081 a composite number?
True
Is 9446969405 a prime number?
False
Is 39743649031 a composite number?
True
Is 30904372483 composite?
False
Is 651830617 prime?
True
Is 13720685423 a composite number?
True
Is 32459978758 a composite number?
True
Is 193840294651 a prime number?
True
Is 880015399 prime?
True
Is 9658963297 a prime number?
True
Is 11887353389 a composite number?
False
Is 26934285803 a prime number?
True
Is 2686278473 a prime number?
False
Is 112050469 a composite number?
False
Is 2529114265 composite?
True
Is 7456548287 a composite number?
True
Is 6187885019 prime?
True
Is 2521814497 a prime number?
False
Is 198759956231 composite?
False
Is 760056631 a composite number?
True
Is 222641049 a prime number?
False
Is 4012455901 prime?
True
Is 1973155553 a prime number?
False
Is 66974573669 a prime number?
True
Is 447241943 a composite number?
False
Is 1057452323 a composite number?
False
Is 2645208491 a composite number?
False
Is 6965046731 a composite number?
False
Is 115747739 a composite number?
True
Is 40303435577 a composite number?
False
Is 56264357 prime?
True
Is 310111265 prime?
False
Is 1230397403 composite?
False
Is 31357134313 composite?
False
Is 11274004373 composite?
True
Is 36268360287 prime?
False
Is 1953036037 prime?
False
Is 3746894359 prime?
False
Is 17521924991 prime?
True
Is 3665581597 composite?
True
Is 25951849045 a prime number?
False
Is 529083677 prime?
False
Is 270814931 prime?
True
Is 1834768391 a prime number?
True
Is 1437386609 composite?
False
Is 2443734913 prime?
False
Is 8147314767 a composite number?
True
Is 2893670971 prime?
True
Is 14316555607 prime?
True
Is 6043168979 a composite number?
False
Is 3569342549 prime?
False
Is 3571828823 prime?
True
Is 45689243317 a prime number?
False
Is 19811407019 a composite number?
False
Is 3767085239 composite?
True
Is 5323694423 a prime number?
False
Is 8634553 composite?
True
Is 3414119041 composite?
False
Is 53248858953 a composite number?
True
Is 1155819523 a composite number?
False
Is 35271824759 composite?
True
Is 964569889 a composite number?
False
Is 713606507 composite?
True
Is 86103449 composite?
False
Is 1420593077 composite?
False
Is 29744640455 a prime number?
False
Is 380589071 prime?
False
Is 631849697 composite?
True
Is 20250178831 a composite number?
True
Is 1210894211 prime?
False
Is 578092937 composite?
True
Is 92335498877 composite?
False
Is 63148091 a prime number?
True
Is 6002907203 a prime number?
True
Is 638842857145 composite?
True
Is 83649596081 composite?
True
Is 3568177253 composite?
False
Is 46171254487 composite?
False
Is 2204708089 composite?
True
Is 2968920919 prime?
False
Is 808210159 a prime number?
True
Is 1526798227 composite?
True
Is 88212859277 composite?
False
Is 1286776921 a composite number?
False
Is 37937502353 a composite number?
False
Is 1545500861 composite?
True
Is 428426051 composite?
False
Is 4435584217 prime?
False
Is 35418795437 composite?
True
Is 11926625279 a composite number?
True
Is 64065059 composite?
True
Is 27919156523 composite?
False
Is 21141539921 a prime number?
True
Is 88293649 composite?
False
Is 21933685409 composite?
True
Is 55401337 a composite number?
True
Is 2582646059 a composite number?
True
Is 7704897349 a composite number?
True
Is 24270784697 a composite number?
False
Is 3172785743 a prime number?
False
Is 1203047981 composite?
False
Is 458969297 composite?
True
Is 37610213255 composite?
True
Is 34397595721 composite?
False
Is 905219537 composite?
False
Is 369458051 a composite number?
True
Is 2828401549 composite?
False
Is 1476351857 prime?
True
Is 1038773737 composite?
False
Is 139766857 composite?
False
Is 7522752317 prime?
False
Is 427831873369 a composite number?
False
Is 6006215383 a prime number?
False
Is 55801405643 composite?
False
Is 774083221 prime?
False
Is 1965172585 a composite number?
True
Is 51441163 prime?
True
Is 356655737 a composite number?
True
Is 7052290571 a prime number?
True
Is 16055109923 composite?
True
Is 12578487458 composite?
True
Is 6772943651 a composite number?
False
Is 120796153 a prime number?
True
Is 2186818649 composite?
True
Is 3478811591 composite?
False
Is 70149875563 a composite number?
True
Is 357276217 composite?
False
Is 1627274659 a composite number?
True
Is 26283111859 prime?
True
Is 218401529 a composite number?
False
Is 2126652527 prime?
False
Is 714681157 a prime number?
True
Is 533706889 composite?
False
Is 1279579819 a composite number?
True
Is 118362323 a prime number?
True
Is 18055958677 a composite number?
False
Is 3001977757 a prime number?
False
Is 33267020351 composite?
False
Is 272005529 a composite number?
True
Is 5001431563 prime?
True
Is 2325042957 prime?
False
Is 4163863 composite?
True
Is 4622600813 a composite number?
False
Is 12991262782 a prime number?
False
Is 2853290887 a prime number?
True
Is 564001 a composite number?
True
Is 10741389163 a prime number?
True
Is 1564019921 prime?
True
Is 55115928883 composite?
True
Is 41649211 a composite number?
True
Is 5275876409 composite?
True
Is 569360257 a composite number?
False
Is 1362259621 composite?
True
Is 175078529 a prime number?
False
Is 3989522926 prime?
False
Is 51907708007 a composite number?
False
Is 179708177491 prime?
True
Is 32579333627 a prime number?
True
Is 13535284199 prime?
False
Is 937471573 composite?
True
Is 20729528191 a composite number?
True
Is 2832845039 a prime number?
False
Is 132054064117 a prime number?
False
Is 414396311 prime?
False
Is 32880276983 composite?
False
Is 63222673 a composite number?
True
Is 901711717 a composite 